 10/2*-2?
7
Let w = 13 + -11. Let v(s) = -s**3 + 5*s**2 - 3*s - 1. Let p be v(4). Suppose -4*a = -p*a - 3. Calculate the remainder when a is divided by w.
1
Let t(l) = -l + 8. Let q be t(6). Let x(d) = 8*d**3 - 3*d**2 + 3*d - 3. Calculate the remainder when x(q) is divided by 14.
13
What is the remainder when (-4 - 26/(-8))*-92 is divided by 12?
9
Let p = 32 + -13. Let a(k) = 2*k**3 - k + 5. What is the remainder when a(3) is divided by p?
18
Let y(r) = 8*r + 8. What is the remainder when 61 is divided by y(3)?
29
What is the remainder when 4/(-18) - 4928/(-63) is divided by 27?
24
Suppose -15 = -5*h - 0*h. Suppose -q - h*a = -5*q + 142, -4*q - 5*a = -126. What is the remainder when q is divided by 12?
10
Suppose 4*q + 65 = 8*q + f, -3*q + 44 = -4*f. Suppose -15 = -3*i + 3. Calculate the remainder when q is divided by i.
4
Suppose s + 0 = 2. What is the remainder when 20 is divided by (-1)/2*(-12 - s)?
6
Suppose 43 - 13 = 2*z. What is the remainder when z is divided by 6?
3
Let n = -12 - -128. Suppose 4*v + w - n = 0, 3*w = 3*v - 0*v - 87. What is the remainder when v is divided by 16?
13
Let s = -6 - -20. Let u(b) = -3*b - 4. Let p be u(-3). Suppose 16 + 23 = 5*i - t, -3*t + 43 = p*i. What is the remainder when s is divided by i?
6
What is the remainder when (-10)/(3 - (305/50 + -3)) is divided by 37?
26
Let k = 84 - 43. Suppose -2*a - 42 = -5*a. What is the remainder when k is divided by a?
13
Calculate the remainder when (-14)/(-4) + (-23)/(-46) is divided by ((-3)/2)/(9/(-24)).
0
Suppose 3*m + 3 + 3 = 0. What is the remainder when m - (-27 - (-4)/1) is divided by 12?
9
Suppose 3*x + 11 = 2*y - 12, -3*y = -5*x - 33. Let t = 30 + -1. Calculate the remainder when t is divided by y.
13
Let q = 14 - -1. Calculate the remainder when 7 is divided by (8/5)/(6/q).
3
Let i be 0*(-3)/12 + 0. Suppose -5*k + 3*k + 90 = i. What is the remainder when k is divided by 12?
9
Suppose -3 + 9 = -2*x. What is the remainder when 4 is divided by -2 - x - (-1 + 0)?
0
Suppose 3*c - 39 = 2*q, 0*c - c = -q - 17. Let n(m) = m**2 + 11*m - 8. Suppose 0 = -5*t + 2*t + 18. Calculate the remainder when t is divided by n(q).
2
Suppose -20*i + 17*i = -144. Suppose 6*y + 4*l - 72 = 2*y, -y + l = -16. Calculate the remainder when i is divided by y.
14
Suppose 0 = 2*z - 5*w - 63, -7*w = -2*w - 25. Calculate the remainder when 129 is divided by z.
41
Suppose 0*h + 20 = 4*h. Let x(a) be the third derivative of a**5/6 - a**3/6 + 2*a**2. What is the remainder when x(-1) is divided by h?
4
Suppose 6*d = 2 + 40. What is the remainder when 33 is divided by d?
5
Suppose -5*o - 2*x + 782 = 0, 4*o + 4*x - 19 = 609. What is the remainder when o is divided by 40?
36
Calculate the remainder when 272/(-20)*5/(-2) is divided by 12.
10
Let v(f) = -f**3 + 10*f**2 - 5*f - 12. Let b be v(10). Let s be (-1)/2*(b - 0). Suppose -2*j = -s - 5. What is the remainder when 34 is divided by j?
16
Suppose 4*w = 2 + 46. Let x be (18 - -1 - 0)/(-1). Let p = -12 - x. Calculate the remainder when w is divided by p.
5
Suppose 4*n + 3*i + 17 = 113, 4*i + 120 = 5*n. Let t(b) = 3*b**2 - 3*b + 1. Calculate the remainder when n is divided by t(2).
3
Let x(s) = -s**3 - 6*s**2 + 5*s. Let w(u) = u**3 + 26. Let k(r) = -r**2 - 5*r. Let h be k(-5). What is the remainder when w(h) is divided by x(-7)?
12
Suppose 10 = 2*x - 0. Calculate the remainder when 14 is divided by x.
4
Suppose -2*k + 2*m = -56, 0 = k - 4*m - 4 - 36. Calculate the remainder when 44 is divided by k.
20
Suppose -16*j + 48 = -13*j. Calculate the remainder when 45 is divided by j.
13
Suppose 0 = 5*d - 10*d. Suppose d = -2*a - 1 + 7. What is the remainder when 29 is divided by 0 + -2 + 9 + a?
9
Let y be 38*3 - (3 + -4). Suppose 5*a - y = -3*h, -3*a + 5*h = 2*a - 115. What is the remainder when a is divided by 6?
5
Let w = 26 + 14. Calculate the remainder when w is divided by 21.
19
Let d(i) = i + 13. Let k(w) = w + 1. What is the remainder when k(6) is divided by d(-9)?
3
Suppose -3*o + 7*o - 76 = 0. Let p = 5 + 4. Suppose -2*m + o = 3*s + 4, s = 4*m - p. What is the remainder when s is divided by 2?
1
Suppose -o + 5*h + 23 = -5, 5*o + 4*h - 82 = 0. Let i = o + -7. Suppose 2*l + 4*z - 41 = l, 2*l - 27 = 3*z. What is the remainder when l is divided by i?
10
Suppose -12 = -3*m - m. What is the remainder when m is divided by 3?
0
Calculate the remainder when 80 is divided by (-14)/98 + 128/14.
8
What is the remainder when 99 is divided by 27 - (1 - (-3)/3)?
24
Let b = -7 + 9. Suppose 0 = x + 5*k - 12, -5*x + k = 11 - 45. Suppose -5*m + 17 = g, -x = -0*m + m - 5*g. Calculate the remainder when m is divided by b.
1
Let k(q) = -q + 7. Let z be k(-5). Suppose -5*f + 0 = 2*n - 30, -9 = -f - n. Let t = f + z. Calculate the remainder when 31 is divided by t.
15
Let k be (-226)/(-10) + (-4)/(-10). Let a = -9 - -23. Let n = a + k. What is the remainder when n is divided by 13?
11
Calculate the remainder when 39 is divided by -4 + -6 + 20 + 0 + 4.
11
Let x(q) = q**2 - 11*q + 3. Let r be x(9). Let n = -12 - r. Suppose 1 = 2*d - 3*d, -3*d - 25 = -2*s. Calculate the remainder when s is divided by n.
2
Let u = 16 - 8. Calculate the remainder when 39 is divided by u.
7
Let o(f) = f**2 - 8*f. What is the remainder when o(9) is divided by 6?
3
Let u = -32 - -49. What is the remainder when u is divided by 11?
6
Let w = -1 - -2. Suppose 0 = -g + 2 + w. What is the remainder when -6 + 33/6 + (-26)/(-4) is divided by g?
0
Let j(n) = n**2 - 6*n - 3. Let p be j(3). Calculate the remainder when 7 is divided by ((-6)/4)/(p/16).
1
Let v(m) = -m**3 + 3*m**2 + 5*m + 3. Calculate the remainder when v(4) is divided by 2.
1
Suppose 0*b + b = 6. Suppose 2*t - b*x = -4*x + 142, -3*t - 5*x + 189 = 0. What is the remainder when t is divided by 23?
22
Let j(q) = 2*q - 4. Suppose -2*s = -5 - 3. What is the remainder when 10 is divided by j(s)?
2
Suppose 0 = -f + 5 + 1. What is the remainder when f is divided by 4?
2
Suppose 4*z + 4*s - 17 - 27 = 0, 5*s = 5*z - 65. Calculate the remainder when 69 is divided by z.
9
Suppose -3*y + 48 = 2*c - 8*y, -2*c = 4*y - 84. What is the remainder when c is divided by 9?
7
Suppose -r - 4*r = -10. Let q be 1*((r - 0) + -3). Let t(s) = 5*s**2 - s - 1. What is the remainder when 13 is divided by t(q)?
3
Suppose 7*n - 8*n = -13. What is the remainder when n is divided by 8?
5
Let i = 20 - -3. Calculate the remainder when i is divided by 9.
5
Let h = -48 - -81. Calculate the remainder when h is divided by 12.
9
Let w = -15 - -28. What is the remainder when 37 is divided by w?
11
Let u(q) = 4*q + 1. Suppose -5*h + 0*z + 61 = -z, -4*h - 2*z + 60 = 0. Calculate the remainder when h is divided by u(1).
3
Calculate the remainder when 2*(-2)/(-4) + 0 is divided by 1.
0
Let m(r) = r**2 + 8*r + 7. What is the remainder when 30 is divided by m(-9)?
14
Calculate the remainder when 10 is divided by 3/(1/(-6)*-3).
4
Let v = -44 + 85. Suppose -5*c - 2*r = v, -c + 4*r - 12 = 5. What is the remainder when 10 is divided by (12/(-10))/(c/30)?
2
Suppose 3*z = -3, 0*s + z = -5*s + 64. Let g(y) be the first derivative of -y**4/4 + y**3 + 5*y**2/2 + y + 1. What is the remainder when s is divided by g(4)?
3
Suppose 0 = 2*g - 3*v - 17, -5*g + 35 = -4*v - v. Let s = 9 - -2. What is the remainder when s is divided by g?
3
Let g(l) = -4*l - 13. What is the remainder when 1*31 + 30/15 is divided by g(-5)?
5
Let z be (-60)/(-5) - (-1 - 1). Suppose 0*o + 10 = -5*o, o - z = -v. What is the remainder when v is divided by (-87)/(-9) + 4/(-6)?
7
Let p be (-45)/(-12) - 2/(-8). Suppose 4*s - 8*g + p*g - 12 = 0, -5*s = -g - 3. Let o(m) = -m**2 - m + 2. What is the remainder when o(s) is divided by 1?
0
Suppose -l = 2*z - 21, -z - z = -3*l - 1. What is the remainder when 10 is divided by z?
2
Let h(a) = 3*a + 5. Let o be h(-4). Let u = 7 + o. Suppose -2*d - 7 = -3*i, -d = -u*i + 5*i - 16. Calculate the remainder when 3 is divided by i.
0
Suppose -6*t + t = -35. Let i = t + -3. Suppose i*o = 5*o - 10. Calculate the remainder when o is divided by 4.
2
Let o = 8 + -1. Let g = 46 - 33. What is the remainder when g is divided by o?
6
Let s(j) = -j**3 - 6*j**2 - 3*j - 4. Let o be s(-6). Let c = o + -6. What is the remainder when 29 is divided by c?
5
Let z(m) = 4*m - 1. Suppose 0 = l - 3, b = -4*b + 